1604a9 + 5?
1604b2
In base 6, what is -5002 - -2231?
-2331
In base 12, what is 54 + 478?
510
In base 5, what is 4 - -212022213?
212022222
In base 12, what is 201a + -1?
2019
In base 11, what is -125174 + -1?
-125175
In base 16, what is 346b4 + 4?
346b8
In base 14, what is 8470 - -2?
8472
In base 12, what is -4 - 1150b5?
-1150b9
In base 10, what is -1537 - -69?
-1468
In base 10, what is -87 + -413?
-500
In base 13, what is 4323 + 59?
437c
In base 9, what is 147 - 32250?
-32102
In base 3, what is 20102220012 - -11?
20102220100
In base 7, what is 55 - -322622?
323010
In base 8, what is -112016 + -20?
-112036
In base 15, what is 3 + -132?
-12e
In base 12, what is -3 + 182319?
182316
In base 3, what is 10212001000 - -11?
10212001011
In base 12, what is -5 - -7588?
7583
In base 4, what is -2031031310 - 3?
-2031031313
In base 13, what is 14455 - -2?
14457
In base 2, what is -1001001000010001 + -1001100?
-1001001001011101
In base 11, what is 418 + a7?
514
In base 16, what is 5a23 + 0?
5a23
In base 10, what is 9 - -1207?
1216
In base 7, what is 26052 + 146?
26231
In base 9, what is -4 + 6872?
6867
In base 16, what is 7 + -b1a9?
-b1a2
In base 8, what is 22 + 7704?
7726
In base 14, what is 65 + -1178?
-1113
In base 8, what is 3 + 1243244?
1243247
In base 5, what is 10 + -3131234?
-3131224
In base 10, what is 20 + -31947?
-31927
In base 15, what is 47 - -44?
8b
In base 2, what is -1001100000011100000100 - 100?
-1001100000011100001000
In base 6, what is 5035 - -20?
5055
In base 5, what is 122303 + -3?
122300
In base 9, what is 0 + 51384?
51384
In base 6, what is 124432002 - 2?
124432000
In base 9, what is 12 - 178640?
-178627
In base 15, what is -80156 + 4?
-80152
In base 13, what is 4ac6a9 - -1?
4ac6aa
In base 7, what is -12 - -1424451?
1424436
In base 9, what is 7524 + -10?
7514
In base 15, what is -1 + 3d13?
3d12
In base 12, what is -4b + 54?
5
In base 6, what is 1020210 - 0?
1020210
In base 4, what is -1 - 2203110?
-2203111
In base 14, what is 39d7ca - -2?
39d7cc
In base 9, what is -480 - 181?
-671
In base 9, what is -3 - 6637?
-6641
In base 5, what is 42 - 200303?
-200211
In base 13, what is -79a25 + -2?
-79a27
In base 5, what is -140 + -443?
-1133
In base 6, what is 244022 + 15?
244041
In base 15, what is -123 + -21?
-144
In base 4, what is 2231222 - -11?
2231233
In base 7, what is -102210 + 5?
-102202
In base 6, what is -225 - -545?
320
In base 4, what is -1 - 101203202?
-101203203
In base 12, what is 1145315 + -5?
1145310
In base 12, what is 63b21 + -5?
63b18
In base 10, what is 152356 - 3?
152353
In base 16, what is 2 - -ee8?
eea
In base 16, what is -beb + 6f?
-b7c
In base 6, what is 14322342 - -4?
14322350
In base 10, what is -4 - 592326?
-592330
In base 4, what is -311130030000 - -2?
-311130023332
In base 14, what is -108 - -6d0?
5c6
In base 13, what is -2 + 3396?
3394
In base 7, what is 0 + 343001?
343001
In base 13, what is -268b + 40?
-264b
In base 5, what is 1132 - -1140033?
1141220
In base 6, what is -12542 + -14?
-13000
In base 12, what is -4 - -1a7b9?
1a7b5
In base 4, what is -232311100 - 0?
-232311100
In base 7, what is 5 + 343114?
343122
In base 4, what is -1211 + -23102?
-30313
In base 12, what is -6b9a2 - 4?
-6b9a6
In base 7, what is -125305 - 2?
-125310
In base 2, what is -1 - -11100111000000001?
11100111000000000
In base 2, what is -1110101 - 11110011001101?
-11110101000010
In base 12, what is -4b + 347?
2b8
In base 13, what is 223c6 - -7?
22400
In base 16, what is 19349b + -5?
193496
In base 6, what is 15334 - 12?
15322
In base 7, what is -131 + 15615?
15454
In base 12, what is 11 - 112a2?
-11291
In base 12, what is a + -34987?
-34979
In base 11, what is 2233a5 + 5?
2233aa
In base 13, what is 4 - b0b62?
-b0b5b
In base 15, what is -24b + 23?
-228
In base 12, what is 6 + -12a1b?
-12a15
In base 2, what is 100111101 + -1001011100111?
-1000110101010
In base 5, what is 1430311 - -24?
1430340
In base 7, what is -2 - 315546?
-315551
In base 9, what is 14 - -6501?
6515
In base 6, what is 4 + -50455?
-50451
In base 15, what is -27 - -b582?
b55a
In base 2, what is 0 - -110011111000100?
110011111000100
In base 3, what is 10022 + 2201210?
2212002
In base 14, what is -116c - 17?
-1185
In base 13, what is 5 + 5860?
5865
In base 6, what is 35201530 + -1?
35201525
In base 2, what is -101 + -100111111010001?
-100111111010110
In base 13, what is 10570c - -4?
105713
In base 6, what is -5044 - -113?
-4531
In base 6, what is -22 + 25452?
25430
In base 10, what is -68426 - 1?
-68427
In base 15, what is -4 - -ba98?
ba94
In base 2, what is 1011111011010010 + -1001?
1011111011001001
In base 8, what is -2040447 - -5?
-2040442
In base 15, what is 92 + 63?
105
In base 4, what is 2 + -11032131?
-11032123
In base 11, what is 27393 + 5?
27398
In base 11, what is -a49 + 19?
-a30
In base 12, what is 3b - -1678?
16b7
In base 3, what is -102002110122 - 11?
-102002110210
In base 10, what is 1 + -277904?
-277903
In base 7, what is 1404 - -465?
2202
In base 15, what is -b47 + 13?
-b34
In base 7, what is -240251 - -2?
-240246
In base 9, what is 36111 + -2?
36108
In base 2, what is 100001 + 100010011011?
100010111100
In base 14, what is 89 - 6935?
-688a
In base 15, what is -1467 + 32?
-1435
In base 13, what is -69 - -2198?
212c
In base 12, what is -5 + 22187?
22182
In base 8, what is -1217447 - 1?
-1217450
In base 8, what is 170170 - -4?
170174
In base 13, what is 2710 + 0?
2710
In base 2, what is -101 + -100111100101010?
-100111100101111
In base 4, what is 100020001 - 1?
100020000
In base 11, what is 1 - 11479?
-11478
In base 12, what is -1801 - 5?
-1806
In base 4, what is -11 + -310313022?
-310313033
In base 4, what is 333 + -111103?
-110110
In base 3, what is 11010102101 - -210?
11010110011
In base 9, what is -36860 - 103?
-37063
In base 15, what is 94a66 + 7?
94a6d
In base 5, what is -1 - 3004424?
-3004430
In base 10, what is 176164 - 1?
176163
In base 9, what is -20124 - 7?
-20132
In base 12, what is -29a + -170?
-44a
In base 9, what is -1 + -1456?
-1457
In base 10, what is -134067 + 4?
-134063
In base 8, what is 5626 - 375?
5231
In base 7, what is 126054 + 0?
126054
In base 12, what is 15 - 1074?
-105b
In base 4, what is -13 - 223?
-302
In base 10, what is -23575 + -4?
-23579
In base 15, what is -711e - 0?
-711e
In base 8, what is -7564730 + 0?
-7564730
In base 2, what is 1000101101 + 1110?
1000111011
In base 4, what is -3 + -3003321?
-3003330
In base 3, what is -20 + 1012100110?
1012100020
In base 12, what is 275 - -3b0?
665
In base 4, what is -1220 - 13000311?
-13002131
In base 11, what is 11 - 9278?
-9267
In base 13, what is -889 + -b3?
-96c
In base 9, what is -20434 + -1?
-20435
In base 14, what is 1 + 268c?
268d
In base 2, what is 11110000011011 + 1010?
11110000100101
In base 10, what is -3 + -904863?
-904866
In base 3, what is 121112002 + -2020?
121102212
In base 14, what is 165 - 527?
-3a2
In base 15, what is -110359 + 4?
-110355
In base 15, what is -494559 - -3?
-494556
In base 13, what is 2 - -34423a?
34423c
In base 14, what is 4 + -145622?
-14561c
In base 4, what is -112 - -231033?
230321
In base 14, what is -7db061 + 2?
-7db05d
In base 11, what is 0 + -31012?
-31012
In base 16, what is -75 - -f?
-66
In base 12, what is -5 + -26119?
-26122
In base 7, what is -3 + 1036366?
1036363
In base 8, what is -7334 + 2?
-7332
In base 3, what is 10 + 10110101101202?
10110101101212
In base 10, what is -3 - 62399?
-62402
In base 11, what is -17 + -11714?
-11730
In base 9, what is 201 - 108?
82
In base 3, what is -100121 - -101011?
120
In base 3, what is -11 - 10101122?
-10101210
In base 6, what is -103020 - 5?
-103025
In base 7, what is 11 - 240121?
-240110
In base 2, what is 1000101 + -101100100?
-100011111
In base 16, what is -c9ab2 + 3?
-c9aaf
In base 14, what is -97dc + -32?
-9830
In base 4, what is 1223303 - 320?
1222323
In base 12, what is -69613 - 1?
-69614
In base 3, what is -1222011120020 + -11?
-1222011120101
In base 10, what is -45 + -3776?
-3821
In base 13, what is -137cc - 1?
-13800
In base 4, what is -1033222 - 20221?
-1120103
In base 14, what is -312 + 2a?
-2c6
In base 13, what is 5 + -12ba?
-12b5
In base 5, what is 30001 - -100?
30101
In base 15, what is -3 - -41797?
41794
In base 4, what is 3 + -3000301?
-3000232
In base 4, what is 10222 - -102000?